 hundreds digit of 25129?
1
What is the units digit of 2080?
0
What is the tens digit of 1209?
0
What is the units digit of 4164?
4
What is the thousands digit of 50309?
0
What is the units digit of 423?
3
What is the thousands digit of 7496?
7
What is the tens digit of 12527?
2
What is the tens digit of 2251?
5
What is the units digit of 11958?
8
What is the tens digit of 30534?
3
What is the thousands digit of 14346?
4
What is the tens digit of 55426?
2
What is the hundreds digit of 18534?
5
What is the tens digit of 1636?
3
What is the hundreds digit of 142924?
9
What is the units digit of 229?
9
What is the tens digit of 178?
7
What is the ten thousands digit of 118825?
1
What is the hundred thousands digit of 155672?
1
What is the hundreds digit of 1570?
5
What is the thousands digit of 4589?
4
What is the thousands digit of 1831?
1
What is the units digit of 166817?
7
What is the units digit of 412?
2
What is the tens digit of 12099?
9
What is the units digit of 230?
0
What is the thousands digit of 3571?
3
What is the thousands digit of 12128?
2
What is the hundreds digit of 34309?
3
What is the units digit of 1193?
3
What is the hundreds digit of 2666?
6
What is the hundreds digit of 79435?
4
What is the tens digit of 411?
1
What is the tens digit of 263?
6
What is the units digit of 1854?
4
What is the tens digit of 7162?
6
What is the tens digit of 30053?
5
What is the thousands digit of 16521?
6
What is the ten thousands digit of 20789?
2
What is the units digit of 3727?
7
What is the hundreds digit of 55441?
4
What is the thousands digit of 1839?
1
What is the tens digit of 995?
9
What is the units digit of 16596?
6
What is the hundreds digit of 2288?
2
What is the thousands digit of 4759?
4
What is the hundreds digit of 5087?
0
What is the tens digit of 4232?
3
What is the thousands digit of 71028?
1
What is the ten thousands digit of 15882?
1
What is the units digit of 21960?
0
What is the hundreds digit of 1311?
3
What is the tens digit of 4028?
2
What is the ten thousands digit of 29485?
2
What is the hundreds digit of 6932?
9
What is the thousands digit of 1308?
1
What is the tens digit of 577?
7
What is the units digit of 28532?
2
What is the units digit of 3977?
7
What is the units digit of 654?
4
What is the ten thousands digit of 35643?
3
What is the tens digit of 42332?
3
What is the tens digit of 1067?
6
What is the tens digit of 92027?
2
What is the ten thousands digit of 10701?
1
What is the ten thousands digit of 48006?
4
What is the units digit of 6900?
0
What is the units digit of 18486?
6
What is the thousands digit of 5830?
5
What is the tens digit of 70144?
4
What is the ten thousands digit of 78081?
7
What is the thousands digit of 1673?
1
What is the tens digit of 9697?
9
What is the units digit of 4820?
0
What is the hundreds digit of 16877?
8
What is the tens digit of 356?
5
What is the units digit of 2877?
7
What is the tens digit of 20276?
7
What is the hundreds digit of 2861?
8
What is the tens digit of 1874?
7
What is the thousands digit of 6089?
6
What is the hundreds digit of 36687?
6
What is the tens digit of 137?
3
What is the hundreds digit of 2159?
1
What is the hundreds digit of 7213?
2
What is the hundreds digit of 33302?
3
What is the hundreds digit of 161950?
9
What is the hundreds digit of 1369?
3
What is the hundreds digit of 4058?
0
What is the tens digit of 127879?
7
What is the thousands digit of 2529?
2
What is the units digit of 19?
9
What is the hundreds digit of 3989?
9
What is the hundreds digit of 911?
9
What is the tens digit of 1301?
0
What is the thousands digit of 2065?
2
What is the units digit of 2666?
6
What is the units digit of 776?
6
What is the tens digit of 2813?
1
What is the tens digit of 5141?
4
What is the units digit of 2210?
0
What is the units digit of 97518?
8
What is the units digit of 1955?
5
What is the thousands digit of 108286?
8
What is the tens digit of 19610?
1
What is the hundreds digit of 4176?
1
What is the hundreds digit of 258?
2
What is the units digit of 20343?
3
What is the hundreds digit of 4857?
8
What is the tens digit of 3010?
1
What is the tens digit of 1568?
6
What is the units digit of 2144?
4
What is the thousands digit of 29868?
9
What is the hundreds digit of 332?
3
What is the ten thousands digit of 10019?
1
What is the thousands digit of 5762?
5
What is the units digit of 31725?
5
What is the thousands digit of 1061?
1
What is the hundred thousands digit of 132547?
1
What is the hundreds digit of 534?
5
What is the hundreds digit of 6069?
0
What is the hundreds digit of 10254?
2
What is the hundreds digit of 5841?
8
What is the units digit of 4682?
2
What is the hundreds digit of 4474?
4
What is the units digit of 11564?
4
What is the units digit of 1276?
6
What is the thousands digit of 145173?
5
What is the thousands digit of 4028?
4
What is the tens digit of 575?
7
What is the units digit of 3299?
9
What is the tens digit of 82345?
4
What is the hundred thousands digit of 110564?
1
What is the units digit of 189?
9
What is the units digit of 2723?
3
What is the hundreds digit of 2232?
2
What is the ten thousands digit of 56921?
5
What is the thousands digit of 66285?
6
What is the thousands digit of 41734?
1
What is the ten thousands digit of 52628?
5
What is the units digit of 878?
8
What is the units digit of 548?
8
What is the tens digit of 1678?
7
What is the hundreds digit of 130?
1
What is the tens digit of 1435?
3
What is the ten thousands digit of 16044?
1
What is the tens digit of 3478?
7
What is the units digit of 545?
5
What is the tens digit of 45685?
8
What is the hundreds digit of 49203?
2
What is the units digit of 88998?
8
What is the units digit of 455?
5
What is the hundreds digit of 132748?
7
What is the units digit of 96309?
9
What is the tens digit of 965?
6
What is the tens digit of 1130?
3
What is the tens digit of 2071?
7
What is the thousands digit of 40360?
0
What is the hundreds digit of 16186?
1
What is the hundreds digit of 39040?
0
What is the hundreds digit of 2301?
3
What is the hundreds digit of 2059?
0
What is the units digit of 11872?
2
What is the tens digit of 95256?
5
What is the tens digit of 5417?
1
What is the ten thousands digit of 51941?
5
What is the tens digit of 14627?
2
What is the tens digit of 3732?
3
What is the units digit of 1720?
0
What is the thousands digit of 87142?
7
What is the tens digit of 25378?
7
What is the hundreds digit of 1181?
1
What is the units digit of 746?
6
What is the tens digit of 5729?
2
What is the units digit of 713?
3
What is the units digit of 1680?
0
What is the hundreds digit of 2749?
7
What is the thousands digit of 2996?
2
What is the thousands digit of 5893?
5
What is the hundreds digit of 37727?
7
What is the units digit of 31136?
6
What is the hundreds digit of 3860?
8
What is the units digit of 193?
3
What is the hundreds digit of 1700?
7
What is the tens digit of 569?
6
What is the thousands digit of 1658?
1
What is the tens digit of 8767?
6
What is the tens digit of 442?
4
What is the tens digit of 15534?
3
What is the ten thousands digit of 24683?
2
What is the hundreds digit of 1925?
9
What is the tens digit of 9211?
1
What is the tens digit of 1544?
4
What is the tens digit of 1047?
4
What is the units digit of 36265?
5
What is the thousands digit of 14401?
4
What is the hundreds digit of 19100?
1
What is the units digit of 6654?
4
What is the hundreds digit of 565?
5
What is the units digit of 1283?
3
What is the units digit of 823?
3
What is the units digit of 12707?
7
What is the units digit of 10784?
4
What is the tens digit of 2234?
3
What is the tens digit of 1682?
8
What is the hundreds digit of 22966?
9
What is the tens digit of 69072?
7
What is the thousands digit of 2924?
2
What is the tens digit of 1109?
0
What is the hundreds digit of 48218?
2
What is the units digit of 1329?
9
What is the units digit of 9777?
7
What is the units digit of 24185?
5
What is the hundreds digit of 2303?
3
What is the thousands digit of 2451?
2
What is the thousands digit of 33899?
3
What is the units digit of 39247?
7
What is the tens digit of 293?
9
What is the thousands digit of 11250?
1
What is the thousands digit of 11671?
1
What is the hundred